 t and 102.
34
Suppose 935 = 7*f - 2*f. What is the greatest common factor of 11 and f?
11
Let l be (5/10*-1)/(3/24). Let m be 1*(l - 21/(-6))*-30. What is the greatest common factor of 15 and m?
15
Let z = 74 - 46. Let w be 777/27 - 2/(-9). Suppose 2*c + 3*y - 14 = w, 0 = 3*c + 4*y - 62. What is the highest common factor of z and c?
14
Let z(c) = 9*c**2 - 7*c - 10. Let l be z(8). Calculate the highest common divisor of 30 and l.
30
Let x = 25 + -17. Let p be x/6*(248 + -8). Suppose 3*u = -u + p. What is the highest common factor of u and 10?
10
Let t = 65 + -39. Let c be (2 - 0)/(2/t). What is the greatest common factor of c and 65?
13
Suppose 26 = f + 4*w, 2*f - 6 + 2 = 4*w. Suppose 0*d + 40 = f*d. Suppose -64 = -2*p - 0*p. Calculate the greatest common divisor of p and d.
4
Let d be (-2298)/(-24) - 1/(-4). Suppose -3*a + 167 - 55 = 5*w, 4*w - d = -4*a. Let p be 2/(-4) - (-30)/w. What is the highest common factor of 4 and p?
1
Suppose -5*d + 5*s = -35, -3 = s + 2. Suppose 0 = 4*f - 5*g - 23, -2*g + 19 = d*f - 7*g. Let m be 1 - -19*f/2. Calculate the greatest common factor of 10 and m.
10
Let a be -6 - (-15 + 5) - -10. Calculate the highest common divisor of a and 49.
7
Suppose 25*y = 32*y - 686. Calculate the highest common factor of 70 and y.
14
Suppose 7*j = 9*j - 60. Suppose 0 = -3*r + 2*r + 24. Let v = j - r. Calculate the greatest common divisor of 18 and v.
6
Let l(v) = -v. Let x be l(-2). Let w be x - 1*(0 + -1). Suppose 0 = w*z - z - 24. What is the greatest common divisor of z and 12?
12
Let m be ((-10)/(-15))/((-2)/(-18)). Let o be (1*4)/((-14)/(-420)). Suppose -c = 3*c - o. Calculate the highest common divisor of m and c.
6
Suppose 0*p - 1792 = -7*p. What is the greatest common divisor of p and 64?
64
Suppose z + 3*z = 636. Let p be -1*z/(-9) - (-6)/(-9). What is the greatest common divisor of 17 and p?
17
Let q be 108/378 + ((-598)/(-14) - -2). Calculate the highest common factor of q and 495.
45
Let w = 704 + -299. Let t = w - 205. What is the highest common divisor of t and 25?
25
Let s(m) = -38*m - 30. Let q be s(-5). Calculate the highest common divisor of 32 and q.
32
Let o be (-12)/24*(-4 - 0). Let l be (-8 + o)*4/(-8). Calculate the highest common divisor of l and 3.
3
Let i = -134 + 144. Calculate the greatest common factor of i and 20.
10
Suppose 31 = 5*g - 2*r, -g + 24*r - 26*r = -11. What is the highest common factor of g and 182?
7
Let q be (3 - (-7)/(-3))*12. Suppose -3*s + 345 = 4*n, 0 = -s - 3*n + 123 - q. Calculate the highest common factor of s and 46.
23
Suppose 0 = -4*s - 2*s. Suppose -d + 5*p - 2*p + 21 = s, 2*d - 34 = -2*p. What is the highest common factor of d and 9?
9
Let n = 1077 + 159. Calculate the greatest common divisor of 12 and n.
12
Suppose 3 = -11*a - 118. Let r(q) be the first derivative of -4*q**2 - 7*q - 2. Let f be r(a). Calculate the greatest common divisor of 27 and f.
27
Let m = -3 - -18. Let x = -8 - m. Let w = x - -36. Calculate the greatest common factor of w and 13.
13
Suppose 23 = -d + 31. What is the highest common factor of 8 and d?
8
Suppose 4*q - 2*q + 3*n = 85, 0 = -3*q - 4*n + 125. Let i be (-1)/5 - (-392)/q. Suppose 2*y - 1 - i = 0. Calculate the greatest common divisor of 15 and y.
3
Let p be (0 - -4)*(-11)/(-2). Suppose p*t - 17*t = 380. Calculate the highest common divisor of 19 and t.
19
Suppose 2*z + 17 = 5*g, 5*g - 5*z - 16 - 4 = 0. Suppose -33 = 5*f + g*a - 174, 4*a = -12. What is the highest common divisor of f and 270?
30
Let s(u) = u**3 - 5*u**2 - 5. Let k be s(6). Suppose 32 = 26*t - 22*t. Let z = k - t. What is the greatest common factor of z and 23?
23
Let o(f) = f**3 - 12*f**2 + 27*f - 200. Let p be o(13). Calculate the highest common factor of p and 20.
20
Let o = 7 + -4. Suppose -7*j + 91 = 35. Suppose j*m - o*m = 1000. What is the greatest common divisor of 25 and m?
25
Suppose 0 = -3*c + 114 + 54. Let t be 24/36 + 40/3. What is the highest common divisor of c and t?
14
Suppose -4*m - 2*q = -1190, -4*q - 643 = -2*m - 53. Suppose a = -2*a + m. Calculate the highest common factor of 9 and a.
9
Let s = 41 - 32. Calculate the highest common divisor of 99 and s.
9
Let u(k) = k**3 + k**2 - 10*k + 2. Suppose 0 = 2*p + 5*d + 12 - 0, p = -d. Let s be u(p). Calculate the greatest common divisor of s and 14.
14
Suppose -2*m + 985 = -3785. Let b be m/36 - (-1)/(-4). Let w be (b/15)/((-2)/(-40)). Calculate the greatest common factor of 8 and w.
8
Suppose 3*g + 212 = 548. Let s be ((-4)/(-6))/((-6)/(-144)). What is the highest common divisor of g and s?
16
Let n be 2218/20 + 55/50 + -1. What is the highest common divisor of 3 and n?
3
Suppose 4*w + 4 = 0, -3*w - 9 - 4 = -5*b. Suppose -2*v - f = -203, -f = -b*v + 3*f + 178. Calculate the highest common factor of 11 and v.
11
Let s be 2 - 5 - 17/(-1). Let w = -18 + 27. Suppose 0 = w*h - 4*h - 70. Calculate the greatest common divisor of h and s.
14
Let l(n) = -n**3 - 5*n**2 - 4*n - 2. Let x be l(-4). Let y = x + 22. Suppose 0 = 3*w - 3 - 9. What is the greatest common divisor of y and w?
4
Suppose -3*l + p + p + 220 = 0, -p - 145 = -2*l. Let u be 1*-72*(-2)/3. Let r be -5*(-23)/4 + (-36)/u. What is the greatest common divisor of r and l?
14
Suppose 3*b + 0*b + 99 = 0. Let o = b - -43. Suppose -140 = -r - r. Calculate the greatest common divisor of r and o.
10
Let q(p) = -11*p. Let r = 26 + -36. Let d be q(r). Suppose 3*y = -2*y + d. Calculate the greatest common factor of 176 and y.
22
Suppose p - 11*h - 3 = -6*h, 5*p - 4*h = 15. Calculate the highest common factor of 11 and p.
1
Let l = -39 + 277. Let t(z) = z**2 - 8*z - 31. Let v be t(-5). Calculate the greatest common divisor of l and v.
34
Let z(m) = 33*m - 2. Let v be z(17). What is the greatest common factor of 43 and v?
43
Let b(r) = -10*r + 1. Let s be b(2). Let g = 76 + -83. Let k = g - s. Calculate the highest common divisor of k and 60.
12
Suppose 10*b = 37*b - 297. Calculate the greatest common divisor of 11 and b.
11
Let h be (3/5)/((-1)/(-5)). Suppose 0 = d + h*d - 164. Let p = d - 27. Calculate the greatest common divisor of 70 and p.
14
Let w = 1238 + -1208. What is the greatest common factor of 15 and w?
15
Let o(j) = -j**2 - 21*j + 28. Let x(k) = -k**3 + 4*k**2 + 2*k + 1. Let m be x(5). Let y be o(m). Let z = 48 - 34. What is the highest common factor of z and y?
14
Suppose 0*t = 4*l - 2*t - 22, l + t + 2 = 0. Suppose 2*m = l*m - 33. Let o(n) = n + 15. Let c be o(-12). Calculate the greatest common divisor of m and c.
3
Let m = -22 + 40. Let a(k) = k**2 + 3*k - 10. Let x be a(-7). What is the greatest common factor of m and x?
18
Let t be 9/2*(-38)/(-3). Let c = -38 - 0. Let o be 2*(0 - c/4). Calculate the highest common divisor of t and o.
19
Suppose 2*h = t + 10, -4*h + 0 = 3*t - 10. Suppose -6 = h*y - 7*y. Suppose 31 = y*a + 2*x - 23, -5*a = -3*x - 111. What is the highest common factor of 3 and a?
3
Let h(s) = -2*s**2 + 70*s - 149. Let g be h(31). Calculate the highest common factor of 3663 and g.
99
Let o(v) = v**3 - 46*v**2 + 86*v + 99. Let k be o(44). What is the greatest common factor of k and 451?
11
Suppose 31*n = 1698 + 1433. Calculate the highest common factor of n and 2929.
101
Let g(x) = 7*x**2 - 10*x - 21. Let n be g(-3). Calculate the greatest common divisor of 45 and n.
9
Suppose 5*k - 21 = -2*k. Let z(m) = 6*m**2 - m + 3. Let n be z(k). What is the greatest common factor of n and 36?
18
Suppose 2*w + 0*w = -5*k + 19, -2*w = -3*k + 5. Suppose z + 1256 = -k*z. Let y = 485 + z. Calculate the highest common factor of 19 and y.
19
Suppose -5*n + 144 = 3*n. Let a = 41 + 13. What is the highest common factor of a and n?
18
Let p(s) = -12*s - 6. Let z be p(-4). Suppose 2*q - 3*i - 48 = -i, 0 = 2*q + 3*i - 68. What is the greatest common divisor of z and q?
14
Let n = -158 + 202. What is the highest common divisor of n and 308?
44
Let c = 65 - 29. Suppose -2*v - 7 = 1. Let x be (120/2)/(v/(-6)). What is the highest common factor of c and x?
18
Let z(s) = s**2 + 12*s + 20. Let a be z(-10). Suppose -4*x + 345 - 45 = -4*c, -3*x - c + 245 = a. Calculate the highest common factor of x and 32.
16
Suppose 3*g = -4*a + 57, -131*a + 129*a - g + 31 = 0. Calculate the greatest common factor of 1152 and a.
18
Let i = -9 - 5. Let k = i + 6. Let l be (-2)/k*2*